1691) + 5/((-15)/24)?
3, 53, 73
Let r(t) = 10*t**2 - 500*t - 287. List the prime factors of r(61).
3, 2141
Let m be 4/(-2) - ((-2 - -6) + 3). Let f be m*(1 + (-8)/6 + 1). What are the prime factors of (20/(-15) - 2/f) + 55?
2, 3
Let q = -1168 - -1313. Let j be (-308)/6 - (-2)/6. Let t = q + j. What are the prime factors of t?
2, 47
Let h = 57 + -52. Suppose 2*y + 4*i = -278, 111 = h*y + 4*i + 836. Let f = y - -209. List the prime factors of f.
2, 3, 5
Suppose -3*q = 28 - 37. Suppose 2*s - 18 = -m + 4*m, -q*m = 12. What are the prime factors of 4 - (-88 + -4 - s)?
3, 11
Suppose 6*s - 7*s = -132. What are the prime factors of s*((-28)/(-8) - 2)/2?
3, 11
Let b be -4*2/(-4) + 396. Let z be -3 + -2 - (-605)/(-10)*-4. Let d = b - z. What are the prime factors of d?
7, 23
Let o(k) = k**3 + 6*k**2 - 7*k. Let f be o(-8). What are the prime factors of (f/(-14))/((-18)/(-2394))?
2, 3, 19
Let o(u) = -2*u**3 - 5*u**2 - 6*u + 2. Let z be o(-2). Suppose y = z*y + 81. List the prime factors of 204 + (5 - (-4 - y)).
2, 3, 17
Let y = 29592 - -6663. What are the prime factors of y?
3, 5, 2417
Let c(r) = -954*r - 1546. What are the prime factors of c(-7)?
2, 1283
Let a = 394 - 359. Suppose -a*o + 10464 = -8751. List the prime factors of o.
3, 61
Suppose -5*w + 42660 = 3*u, 2*w - 17050 = -14*u + 10*u. What are the prime factors of w?
3, 5, 569
Suppose 19*g + 7015 = -11472. Let a = g - -1488. List the prime factors of a.
5, 103
Let h(z) = -8*z - 22. Let p be h(10). Suppose 3*u = 21*u + 6012. Let o = p - u. What are the prime factors of o?
2, 29
Let k = -336 + 338. Suppose -8*v + 4092 = -k*v. List the prime factors of v.
2, 11, 31
Let f(i) = 1214*i + 5. Let c = 27 - 22. Let j be f(c). What are the prime factors of j/(-50)*(-2)/3?
3
List the prime factors of (-4*(-63)/(-36) - -3103)*(12 - 6).
2, 3, 43
Let a be 18 - 1 - (9 + -13 + -1). Suppose 60 + 12 = -4*t. Let s = t + a. List the prime factors of s.
2
Suppose 0 = 3*k - 10*k - 364. Let v = -51 - k. Suppose 5 = 2*f + v. List the prime factors of f.
2
Let c(j) be the third derivative of -29*j**4/12 - 13*j**3/3 - 32*j**2. Let m(r) = 56*r + 27. Let q(o) = -4*c(o) - 5*m(o). List the prime factors of q(-4).
7, 23
Let l(v) = -1708*v + 80. What are the prime factors of l(-5)?
2, 5, 431
Let i(p) = 4*p + 55. Let q be i(-14). What are the prime factors of q/(-8) + (-1431)/(-8)?
179
Let x(n) = -17*n**3 - 2*n**2 - 5*n - 8. Suppose 0 = -20*b + 15*b + 110. Suppose b*z - 24*z = 4. List the prime factors of x(z).
2, 5, 13
Let v = -8 + 17. Suppose 2*x + 3808 = v*x. What are the prime factors of x/(-12)*-3 + 4?
2, 5, 7
Let w(m) = -10*m**2 - 27*m + 38. Let g be w(15). What are the prime factors of g/(-5) + 21/35?
2, 131
Let g = -9927 + 18381. What are the prime factors of g?
2, 3, 1409
Let o = -21990 - -10442. List the prime factors of o/(-11) - 12/(-66).
2, 3, 5, 7
Let p(y) = -6*y**2 + 13*y - 10. Let u(n) = -6*n**2 + 12*n - 11. Let x(j) = 2*p(j) - 3*u(j). What are the prime factors of x(5)?
113
Suppose -3*d = 8742 + 1638. What are the prime factors of (d/15)/(4/(-12))?
2, 173
List the prime factors of (24/(-36))/((-9)/402219).
2, 14897
Let z(g) = 4*g**2 - 2*g + 2. Let j(y) = 10*y - 87. Let r be j(9). What are the prime factors of z(r)?
2
Suppose -12*c + 5685 = -11367. Suppose c = 6*m - 1135. List the prime factors of m.
2, 3, 71
Let r be (-4)/12 + 48464/6. Suppose 0 = -17*q + r + 3874. List the prime factors of q.
19, 37
Let a be 0 + 6 + (-2 - 2). Suppose 2*u + a*m - 1526 = 0, 3*u - 3*m = 507 + 1770. List the prime factors of u.
761
Let u(m) = -577*m**3 + 3*m + 2 + 2 + m**2 + 631*m**3. Let x be u(-2). List the prime factors of (-3)/(-1)*x/(-15).
2, 43
Let v(m) = 4*m + 15. Let l be v(-3). Suppose 5*f - 3 = -z, f + 9 = -4*f + l*z. List the prime factors of (f - -1)/((-3)/(-75)).
5
Let h = 70 - 68. Suppose h*g = g + 2. Suppose -i - 4 + 3 = -3*q, -g*i + 5*q + 3 = 0. List the prime factors of i.
2, 7
Suppose 437790 = 204*r + 544962 - 1188372. What are the prime factors of r?
2, 5, 53
Suppose 4*h + 3*h = 14. Suppose 250 = 5*f + 2*y, -h*f + 3*f - 67 = 3*y. List the prime factors of f.
2, 13
Let q(z) = -3*z**2 - 25*z - 6. Let g be q(-8). Suppose -11*a = -12*a - 5. What are the prime factors of (a/(-2))/(g/44)?
5, 11
What are the prime factors of (80/65)/8 + (-384651)/(-39)?
7, 1409
Let n(i) = 1785*i - 10646. What are the prime factors of n(59)?
41, 2309
Suppose 0 = 11*o - 920 - 675. Suppose 98 = 2*y + 3*i + i, -3*y + o = 5*i. List the prime factors of y.
3, 5
Suppose 3193*z - 3214*z = -91938. List the prime factors of z.
2, 11, 199
Suppose -72*r + 156600 = -45*r. List the prime factors of r.
2, 5, 29
Let x = -39284 + 58224. What are the prime factors of x?
2, 5, 947
Let x = 460 + -732. Let v = x - -641. List the prime factors of v.
3, 41
Let g(d) = 145*d**2 - 10*d - 10. List the prime factors of g(6).
2, 5, 103
Let p(s) be the first derivative of s**2/2 - 4*s + 12. Let q be p(13). Suppose -4*c = -q*c - 10, -c - 190 = -h. List the prime factors of h.
2, 47
Suppose 512257 + 34055 = 78*h. What are the prime factors of h?
2, 17, 103
Let a be 3/48*18*8. List the prime factors of 0 - 3*(-987)/a.
7, 47
Suppose -3*t + 3*p - 6 = 0, 20 = 4*t + 3*p - 0*p. Suppose -20 = -4*j, -t*d + 2*j = -1068 - 98. List the prime factors of d.
2, 3, 7
Suppose -6*p + 4*p - 2*s + 16 = 0, 2*p + s = 13. Let f(o) = -2*o**2 + 12*o - 2. Let i be f(p). Suppose 3*h + i = 116. List the prime factors of h.
2, 3
Suppose 21924 + 61904 = 2*u + 2*c, -5*c = -5. What are the prime factors of u?
3, 4657
Suppose -50 = -24*c + 22. List the prime factors of -1 + c + 37 + -22.
17
Let d be (2 - -1)*15/9. List the prime factors of 2/6*6555/d.
19, 23
Let h = 3129 + -2207. What are the prime factors of h?
2, 461
Let h = -16 + 20. Suppose -h*f + f = -18. Suppose -10*u + 116 = -f*u. List the prime factors of u.
29
Let r = 2250 + -1284. Let q = r + -476. Suppose 4*m - q = 2*h, -5*m = h - 0*h - 623. List the prime factors of m.
2, 31
Let z(l) = -89*l**2 + 16*l - 99. Let p(x) = -18*x**2 + 3*x - 20. Let n(t) = -11*p(t) + 2*z(t). What are the prime factors of n(-5)?
17, 31
Let g(h) be the second derivative of h**5/20 + 144*h**2 - h. Let m be g(0). Suppose m = 4*b + 3*c - 2*c, 2*c = -2*b + 144. What are the prime factors of b?
2, 3
Let w(d) = -21*d + 137. Let x(y) = -41*y + 275. Let t(u) = 7*w(u) - 3*x(u). Let a(s) = -8*s + 45. Let g(b) = 17*a(b) - 6*t(b). List the prime factors of g(17).
97
Let b(z) = z + 435. List the prime factors of b(-52).
383
Let v(j) = j**2 + 25*j + 5. Let s be v(0). Suppose -2509 + 422 = -4*i + s*y, -2*i + 2*y + 1044 = 0. What are the prime factors of i?
523
Let z(c) = 393*c + 135. Let o = 387 + -383. List the prime factors of z(o).
3, 569
Let u be 9 - -2 - -6 - (-2 - -4). Let n(j) = -j**2 - 5*j - 2. Let i be n(-4). Suppose 2*c - 103 = -3*h, -i*c = -2*h + u + 37. List the prime factors of h.
31
Suppose -b - 3*m - 2 = 0, -3*m + 51 = 5*b + 13. Let p = 176 - b. List the prime factors of p.
2, 83
Let y = 38 - 32. Suppose 2*u = 3*x + y*u + 1, -4*u = 16. Suppose 0 = x*j - 294 + 24. What are the prime factors of j?
2, 3
Suppose -68*i + 71*i = 5*v - 122701, 0 = 7*i + 49. What are the prime factors of v?
2, 3067
What are the prime factors of (-2186 + 80/(-5))/(15/18 + -1)?
2, 3, 367
Let z = 297 - 526. Let b = z + 458. List the prime factors of b.
229
Let z = 49 + -55. Let j(i) = 350*i + 10. Let o(y) = -39*y - 1. Let t(a) = -4*j(a) - 35*o(a). List the prime factors of t(z).
5, 41
Suppose -75*z + 158208 - 71725 = -203167. What are the prime factors of z?
2, 1931
Let v(s) = 2*s**2 + 14*s - 54. Let z(m) = m**3 + 31*m**2 - 32*m - 16. Let x be z(-32). What are the prime factors of v(x)?
2, 3, 13
Let f = 419 + -299. Let z be 153/36 - (-2)/(2 + -10). Suppose -g + 4*c = -z*g + 360, 4*c + f = g. List the prime factors of g.
2, 3, 5
Let f = 866 - 635. What are the prime factors of f?
3, 7, 11
Suppose -493*x - 249203 = -883092 - 373803. What are the prime factors of x?
2, 7, 73
What are the prime factors of 4070 - 4/(-4) - 6/(-12)*10?
2, 1019
Let m(d) = d**2 + 12*d. Suppose -4*a = -10 + 58. Let w be m(a). Suppose -2*z - 4*b + 130 = w, -65 = 5*z - 6*z + 5*b. What are the prime factors of z?
5, 13
Suppose -19*r + 174314 = -229446 + 117772. What are the prime factors of r?
2, 53, 71
What are the 